. What is the units digit of d(h)?
3
What is the units digit of 97*(0 - 2)/((-5)/10)?
8
Let l(r) be the third derivative of 3*r**4/8 + 4*r**3/3 - 5*r**2. What is the tens digit of l(5)?
5
Let r = 742 - 498. What is the tens digit of r?
4
Suppose -z + 2*t - 28 + 146 = 0, 2*t = -3*z + 354. Suppose 12 = 5*x - z. Suppose -82 = -3*h + 4*w, 0*h - h + w + x = 0. What is the units digit of h?
2
Let p = -238 + 1039. What is the units digit of p?
1
Suppose -t - 3*w + 543 = -w, 3*t - 1647 = 3*w. What is the tens digit of t?
4
Suppose 0 = 20*h - 21*h + 21. Let n = h - -12. What is the units digit of n?
3
Suppose -k + 4*x = 1944, 3900 = -2*k - x + 5*x. What is the units digit of ((-7)/3 + 1)*k/8?
6
Let v(i) = 113*i - 33. What is the hundreds digit of v(2)?
1
Let m be 45/(-6)*(-104)/10. Let d = m + -39. What is the units digit of d?
9
Suppose 4*z - 51 = -p + 7*z, 2*p - 98 = 4*z. Suppose -5*v - 10 = -5*k - p, -v + 1 = -3*k. What is the units digit of v?
0
Suppose -2*i = -5*d + 700, 0 = -5*d - 3*i + 984 - 284. What is the hundreds digit of d?
1
Let c(l) = l + 11. Let k be c(-11). Let u be (-1)/2*k + 3. Suppose u*w - 32 + 5 = 0. What is the units digit of w?
9
Let h = -40 - -32. Let b(q) = -2*q**3 - 16*q**2 - 6*q + 4. What is the tens digit of b(h)?
5
Let f = 4108 - 1976. What is the thousands digit of f?
2
Suppose -15*f + 44 = 7*f. Let u be 1242/(-5) + 4/10. What is the tens digit of f/6 + u/(-12)?
2
Suppose -2*f + 545 = 5*w - 220, 0 = 5*f - 3*w - 1866. What is the hundreds digit of f?
3
Suppose -z - 3 = 4*j - 15, -3 = -j - 4*z. Suppose 0 = -4*p - j*p + 679. What is the tens digit of p?
9
Let a(g) = -g**3 - 6*g**2 + 3*g + 3. Let v = -1 - -22. Suppose 4*f = -2*q - v - 9, -12 = 3*f. What is the units digit of a(q)?
1
Let d(v) = 10*v**2 - 5*v - 9. What is the tens digit of d(-5)?
6
Let x(c) = 3*c**2 - 7*c + 10. Let n be 1/(12/(-14) + 7/7). What is the hundreds digit of x(n)?
1
Suppose 5*r + 0*k - 3*k - 79 = 0, -5*r + k + 73 = 0. Let l = r - 17. What is the tens digit of (-94)/l - (-5)/(-15)?
3
Suppose -12256 = -22*r - 2092. What is the tens digit of r?
6
Suppose 0 = -4*q - i - 25, 0*q = -q - 3*i - 20. Let c(a) = -a**3 - 6*a**2 - a + 2. Let l be c(q). Let u = l - -24. What is the units digit of u?
6
Let v(l) = -l**3 + 13*l**2 + 5*l - 37. Let x be v(11). Let s = 515 - x. What is the hundreds digit of s?
2
Suppose 710 + 144 = i. What is the units digit of i?
4
Suppose 0 = -3*v - 4*m + 74 + 5, 0 = -5*v - m + 126. Let t = 15 - v. Let y(x) = x**2 + 9*x - 5. What is the units digit of y(t)?
5
Suppose -5*q + 21 = -9. Suppose q - 81 = -3*s. Let w = s + -9. What is the units digit of w?
6
Let w(v) = -v**3 - 4*v**2. Let k be w(-4). Suppose 0 = -y - k - 3. What is the units digit of ((-26)/5)/(y/15)?
6
Let q be 762/(-2)*(-6 + 5). Suppose 0*k + 2*k - 2*b - 180 = 0, -q = -4*k - 3*b. What is the tens digit of k?
9
Suppose w = -3*k + 19 + 9, -2*w = 2*k - 24. Suppose k*x = 6*x + 50. What is the units digit of x?
5
Let v(u) = 4*u**2 + u + 1. Let r be v(-1). Suppose 1 = -r*f - 6*l + l, 3*f = 3*l + 33. What is the units digit of f?
6
Let d = 293 + -1429. What is the tens digit of 0 + d/(-12) - (-4)/12?
9
Suppose 629 = 2*o - 5*u, 2*o - 932 = -o - 4*u. What is the hundreds digit of o?
3
Let i(j) = j**2 + 4*j. Let q(w) = 3*w - 1. Let o(b) = 5*i(b) - 6*q(b). What is the tens digit of o(4)?
9
Let v = -16 + 19. Suppose 5*x + 0*x = -15, -4*x - 33 = -v*z. What is the units digit of z?
7
Let b(c) = 5*c**2 - 6*c - 4. Let o be (-3)/(-27)*3*(-27)/(-3). What is the units digit of b(o)?
3
Let f(a) = 110*a**2 - 5*a + 3. What is the thousands digit of f(-5)?
2
Let d be ((-2)/3)/(4/(-1206)). Suppose 5*c - d = 144. Suppose 5*n - s = 3*s + 117, -5*s = 4*n - c. What is the units digit of n?
1
Suppose -5*t = 32 + 123. Let c = t - -94. What is the units digit of c?
3
Let o = 114 - 107. What is the units digit of o?
7
Let d = 38 + -35. Suppose 2*j + d*m = 9, 0 = -0*j + 3*j - 4*m + 12. Suppose j*c = 3*c - 75. What is the tens digit of c?
2
Suppose -4*y - 1050 = -9*y. Let m = y - 149. What is the units digit of m?
1
Suppose 74 - 20 = -3*u. What is the units digit of (33/(-27) - -1) + (-742)/u?
1
Suppose c + 1098 = 2*k, -7*k + 1673 = -4*k + 5*c. What is the hundreds digit of k?
5
Let a = 953 + -594. What is the tens digit of a?
5
Suppose -20691 + 60786 = 11*b. Suppose 9*u - b = -6*u. What is the hundreds digit of u?
2
What is the tens digit of ((-175)/28 + 4)/((-1)/528)?
8
Let t be (-16)/(-6) - (-2)/(-3). Suppose -t*f = 2 - 6. Suppose 105 = f*w + 3*w. What is the units digit of w?
1
Let f be (21/9 + -1)*3. Suppose -f*h = -2*h - 128. Suppose 4*n = 4*u + h, 2*u + 24 = -5*n + 97. What is the units digit of n?
5
Let b be (-2)/(-4)*0/(-4). Suppose -5*y + 10*y - 735 = b. What is the tens digit of y?
4
Let l = -2 - -4. Suppose -4*b + 281 = 4*t - 3, t = l. Suppose 91 = 5*x - b. What is the tens digit of x?
3
Let y(j) be the third derivative of -j**7/5040 - 7*j**6/720 - j**5/30 + 5*j**2. Let k(a) be the third derivative of y(a). What is the units digit of k(-11)?
4
Let m(r) be the first derivative of -4*r**3/3 - 3. Let t be m(-2). Let n = t - -33. What is the units digit of n?
7
Suppose m + m + 11 = 5*n, 2*n - 4*m + 2 = 0. Suppose n*o - 232 = u, -3*o + 13 = -2*u - 220. What is the units digit of o?
7
Let v = 8 + -15. Let r = v + 6. What is the tens digit of 108/4 - (1 + r)?
2
Let g = 59 + -57. Suppose -3*i + g*b + 3*b + 689 = 0, b = 2. What is the tens digit of i?
3
Suppose 2*t = 6, -2*k - t = -88 + 29. Let d(m) = m**3 + 4*m**2 - 3*m + 2. Let x be d(-5). What is the units digit of (k/x)/7*-26?
3
Suppose z + 4*j = -z + 8, -5*z - 16 = -2*j. Let r be 5/(z + 2 + 1). Suppose -3*u + 0*o + 2*o + 118 = 0, 4*u + r*o - 165 = 0. What is the units digit of u?
0
Let i(z) = 0*z + 5*z + z**3 + 3*z**2 - 8*z + 4 - 4*z. What is the tens digit of i(4)?
8
Let i(w) = 2*w**2 + 11 + 12*w**2 + 22 - 27*w + 11*w + w**3. What is the tens digit of i(-14)?
5
What is the tens digit of (-4 - -256)*(-3 + 213/9)?
0
Let d = 7591 - 4464. What is the thousands digit of d?
3
Suppose 0 = 6*n - 31 + 7. Let z = -1 + 13. Let s = z + n. What is the units digit of s?
6
Let z be 2*(-2 - (-3 + 3)). What is the tens digit of (-1)/2*(-28 + z)?
1
What is the tens digit of (-1*2)/(56/(-1288))?
4
Let v(o) be the first derivative of -7 - 5*o + 1/4*o**4 + 1/2*o**2 - 2*o**3. What is the units digit of v(6)?
1
Let f = -59 + 59. Suppose f = -4*a + 12, y = 3*a - a + 17. What is the tens digit of y?
2
Suppose -24*h = 51*h - 379425. What is the thousands digit of h?
5
Let w be (3 - 5)*2/4. Let s be 3 - (-2 + w - -2). Suppose -s*p + 0*p + 68 = 0. What is the units digit of p?
7
Suppose 2*b = -5*n - 26, 4*n + 0*n + 8 = 0. What is the tens digit of (b - -58)/(2/6)?
5
Suppose 2460 = 5*l - 2*j, 5*l + 3*j - 2465 = 6*j. What is the hundreds digit of l?
4
Suppose 0 = 137*t - 140*t + 7251. What is the hundreds digit of t?
4
Let i(a) = a**2 - 2*a + 1013. Let l be i(0). Suppose -l = -11*u + 1055. What is the units digit of u?
8
Let h(a) = a**3 - 17*a**2 + 10*a + 20. Let d be h(15). Let j = d + 452. What is the units digit of j?
2
Suppose 0*f + f = -5*q - 6, -2*f + 14 = -3*q. Suppose 5*w + 3*v = -0*v + 192, 3*w + f*v - 124 = 0. What is the tens digit of w?
3
Suppose 8*m = 5*m + 66. Let v = m - 21. What is the units digit of (-1)/(3/(-93)) + v?
2
Let k be (0/1 - 1)/(-1) - -153. Suppose -1234 + k = -18*o. What is the tens digit of o?
6
Let i = 52 + 10. Let o = -53 + i. What is the units digit of o?
9
Suppose -2*y - 5*s = -629, 0 = -3*y + 9*s - 4*s + 931. What is the tens digit of y?
1
Suppose 0 = -16*n + 62 + 2. Suppose -n*j - 2*j = -1122. What is the units digit of j?
7
Suppose -4*k - 598 = j - 10113, 4*j = k - 2400. Suppose 0 = 8*r - r - k. Suppose r = 4*u + u. What is the units digit of u?
8
Let s(z) = z - 10. Suppose -f = -5*f, 4*i = -3*f + 48. Let w be s(i). What is the units digit of 1*w/((-2)/(-1))?
1
Let j(i) = 18*i**2 - 5*i + 5. Suppose -10*y + 9 = -7*y. What is the tens digit of j(y)?
5
Let o(m) be the first derivative of -11*m**2/2 - 8*m - 2. What is the units digit of o(-3)?
5
Let x(o) = 5*o**2 - 5*o. Suppose -17 = -5*w - 7. Suppose w*g = 4 - 0. What is the units digit of x(g)?
0
Suppose 0 = -3*g + 3 + 9. Suppose 4*t - 15 = -g*i + 1, -2*i - 4 = -4*t. What is the units d